{"id":4366,"date":"2025-07-29T16:43:44","date_gmt":"2025-07-29T14:43:44","guid":{"rendered":"https:\/\/www.solarzentrum-hamburg.de\/?page_id=4366"},"modified":"2025-08-11T11:07:25","modified_gmt":"2025-08-11T09:07:25","slug":"erklaerung-zur-barrierefreiheit","status":"publish","type":"page","link":"https:\/\/www.solarzentrum-hamburg.de\/?page_id=4366","title":{"rendered":"Erkl\u00e4rung zur Barrierefreiheit"},"content":{"rendered":"<hr \/>\n<h2 style=\"text-align: left;\">Erkl\u00e4rung zur Barrierefreiheit<\/h2>\n<p style=\"text-align: left;\">Das Solarzentrum Hamburg ist bem\u00fcht, seine Websites sowie seine mobilen Anwendungen im Einklang mit dem Behindertengleichstellungsgesetz und der Barrierefreien Informationstechnik-Verordnung zur Umsetzung barrierefrei zug\u00e4nglich zu machen.<\/p>\n<h2 style=\"text-align: left;\">Stand der Vereinbarkeit mit den Anforderungen<\/h2>\n<p style=\"text-align: left;\">Diese Website ist mit dem Behindertengleichstellungsgesetz von Bund und L\u00e4ndern (BGG &amp; LGG), der Barrierefreie-Informationstechnik-Verordnung (BITV) sowie den Web Content Accessibility Guidelines (WCAG) 2.1 weitgehend vereinbar.<\/p>\n<h2 style=\"text-align: left;\">Assistenzsoftware<\/h2>\n<p style=\"text-align: left;\">Als Hilfestellung f\u00fcr Menschen mit motorischen, kognitiven oder visuellen Einschr\u00e4nkungen stellt die Handwerkskammer Hamburg das Assistenz-Tool <strong>Eye-Able\u00ae<\/strong> zur Verf\u00fcgung. Dieses kann \u00fcber das Symbol am rechten Bildschirmrand (das M\u00e4nnchen mit ausgestreckten Armen) aktiviert werden und bietet eine Vielzahl an individuellen Einstellungen:<\/p>\n<ul style=\"text-align: left;\">\n<li>Schriftgr\u00f6\u00dfe<\/li>\n<li>Kontrastmodus<\/li>\n<li>Blaufilter<\/li>\n<li>Nachtmodus<\/li>\n<li>Vorlesefunktion<\/li>\n<li>Tab-Navigation<\/li>\n<li>Einstellungen bei Farbschw\u00e4che<\/li>\n<li>Ausblenden von Bildern<\/li>\n<\/ul>\n<p style=\"text-align: left;\">Die Einstellungen bleiben nach einmaliger Konfiguration erhalten.<\/p>\n<h2 style=\"text-align: left;\">Nicht barrierefreie Inhalte<\/h2>\n<p style=\"text-align: left;\">Auf der Website <a href=\"https:\/\/www.solarzentrum-hamburg.de\" target=\"_blank\" rel=\"noopener\">www.solarzentrum-hamburg.de<\/a> sind folgende nicht-barrierefreie Inhalte vorhanden:<\/p>\n<ul style=\"text-align: left;\">\n<li>Mangelnder Kontrast<\/li>\n<li>Grafische Captchas<\/li>\n<li>Nicht-aussagekr\u00e4ftige Links<\/li>\n<li>Unstimmige Fokus- und Tab-Reihenfolge<\/li>\n<\/ul>\n<p style=\"text-align: left;\">Der zentrale IT-Dienstleister ist informiert und arbeitet an Verbesserungen.<\/p>\n<h2 style=\"text-align: left;\">Weiteres<\/h2>\n<h3 style=\"text-align: left;\">Barrierefreiheit von Dokumenten<\/h3>\n<p style=\"text-align: left;\">PDFs und Flyer werden sukzessive barrierefrei erstellt. F\u00fcr PDFs von Drittanbietern kann keine Barrierefreiheit garantiert werden.<\/p>\n<h2 style=\"text-align: left;\">Schlichtungsverfahren<\/h2>\n<p style=\"text-align: left;\">Wenn auch nach Ihrem Feedback keine zufriedenstellende L\u00f6sung gefunden wurde, k\u00f6nnen Sie sich an die Schlichtungsstelle nach \u00a713a HmbBGG wenden. Diese hilft bei au\u00dfergerichtlicher Streitbeilegung zwischen Menschen mit Behinderungen und \u00f6ffentlichen Stellen.<\/p>\n<p style=\"text-align: left;\"><strong>Hinweis:<\/strong> Aktuell \u00fcbernimmt die Ombudsstelle der Senatskanzlei diese Aufgabe.<\/p>\n<h2 style=\"text-align: left;\">Rechtliche Grundlagen<\/h2>\n<ul style=\"text-align: left;\">\n<li><a href=\"https:\/\/eur-lex.europa.eu\/legal-content\/DE\/TXT\/?uri=CELEX%3A32016L2102\" target=\"_blank\" rel=\"noopener\">Richtlinie (EU) 2016\/2102 \u00fcber barrierefreien Zugang zu Websites und mobilen Anwendungen<\/a><\/li>\n<li><a href=\"https:\/\/www.landesrecht-hamburg.de\/bsha\/document\/jlr-BITechVHA2019rahmen\" target=\"_blank\" rel=\"noopener\">Hamburgische Barrierefreie Informationstechnik-Verordnung (HmbBITVO)<\/a><\/li>\n<\/ul>\n<h2 style=\"text-align: left;\">Assistenzsoftware Eye-Able\u00ae<\/h2>\n<p style=\"text-align: left;\">Eye-Able\u00ae unterst\u00fctzt Menschen mit Einschr\u00e4nkungen in Echtzeit bei der Nutzung von Websites. Es erlaubt die Anpassung von Kontrast, Farben und Schriftgr\u00f6\u00dfen zur besseren Wahrnehmung digitaler Inhalte.<\/p>\n<h2 style=\"text-align: left;\">Barriere gefunden?<\/h2>\n<p style=\"text-align: left;\">Haben Sie M\u00e4ngel festgestellt? Bitte geben Sie die konkrete Seite und eine kurze Beschreibung der Barriere an. Ihre Meldung wird an die zust\u00e4ndige Stelle weitergeleitet. Falls Sie Ihre E-Mail angeben, erhalten Sie R\u00fcckmeldung zum Bearbeitungsstand.<\/p>\n<p>SolarZentrum Hamburg<br \/>\nDGS LV Hamburg\/Schleswig-Holstein e.V.<br \/>\nZum Handwerkszentrum 1<br \/>\n21079 Hamburg<br \/>\nE-Mail <a href=\"mailto:info@solarzentrum-hamburg.de\"><strong>info@solarzentrum-hamburg.de<\/strong><\/a><\/p>\n<h2 style=\"text-align: left;\">Schlichtung<\/h2>\n<p style=\"text-align: left;\">Die Schlichtungsstelle unterst\u00fctzt bei Konflikten zur Barrierefreiheit zwischen Menschen mit Behinderungen und \u00f6ffentlichen Stellen.<\/p>\n<p style=\"text-align: left;\">E-Mail: <a href=\"mailto:ombudsstelle.barrierefreie-it@sk.hamburg.de\">ombudsstelle.barrierefreie-it@sk.hamburg.de<\/a><br \/>\nTel.: 040 428 23 2057<br \/>\nTelefonische Sprechzeiten: Montag 10:00\u201311:00 Uhr<br \/>\nWeb: <a href=\"https:\/\/www.datenschutz-hamburg.de\" target=\"_blank\" rel=\"noopener\">Der Hamburgische Beauftragte f\u00fcr Datenschutz und Informationsfreiheit<\/a><\/p>\n","protected":false},"excerpt":{"rendered":"<p>Erkl\u00e4rung zur Barrierefreiheit Das Solarzentrum Hamburg ist bem\u00fcht, seine Websites sowie seine mobilen Anwendungen im Einklang mit dem Behindertengleichstellungsgesetz und der Barrierefreien Informationstechnik-Verordnung zur Umsetzung barrierefrei zug\u00e4nglich zu machen. Stand der Vereinbarkeit mit den Anforderungen Diese Website ist mit dem Behindertengleichstellungsgesetz von Bund und L\u00e4ndern (BGG &amp; LGG), der Barrierefreie-Informationstechnik-Verordnung (BITV) sowie den Web Content [&hellip;]<\/p>\n","protected":false},"author":4,"featured_media":0,"parent":0,"menu_order":0,"comment_status":"closed","ping_status":"closed","template":"","meta":{"footnotes":""},"class_list":["post-4366","page","type-page","status-publish","hentry"],"_links":{"self":[{"href":"https:\/\/www.solarzentrum-hamburg.de\/index.php?rest_route=\/wp\/v2\/pages\/4366","targetHints":{"allow":["GET"]}}],"collection":[{"href":"https:\/\/www.solarzentrum-hamburg.de\/index.php?rest_route=\/wp\/v2\/pages"}],"about":[{"href":"https:\/\/www.solarzentrum-hamburg.de\/index.php?rest_route=\/wp\/v2\/types\/page"}],"author":[{"embeddable":true,"href":"https:\/\/www.solarzentrum-hamburg.de\/index.php?rest_route=\/wp\/v2\/users\/4"}],"replies":[{"embeddable":true,"href":"https:\/\/www.solarzentrum-hamburg.de\/index.php?rest_route=%2Fwp%2Fv2%2Fcomments&post=4366"}],"version-history":[{"count":10,"href":"https:\/\/www.solarzentrum-hamburg.de\/index.php?rest_route=\/wp\/v2\/pages\/4366\/revisions"}],"predecessor-version":[{"id":4419,"href":"https:\/\/www.solarzentrum-hamburg.de\/index.php?rest_route=\/wp\/v2\/pages\/4366\/revisions\/4419"}],"wp:attachment":[{"href":"https:\/\/www.solarzentrum-hamburg.de\/index.php?rest_route=%2Fwp%2Fv2%2Fmedia&parent=4366"}],"curies":[{"name":"wp","href":"https:\/\/api.w.org\/{rel}","templated":true}]}}